is divided by n?
9
Let g = -4082 + 4116. What is the remainder when 2785 is divided by g?
31
Let v(q) = -2 - 2 - q + 3*q**3 + 3 + 2*q**2. What is the remainder when v(3) is divided by ((-3)/(6/16))/(29/(-116))?
31
Let l(i) = 4*i - 82. Let a be l(20). Calculate the remainder when 87 is divided by -2 - a - (0 + -1) - -8.
6
Let h = 99 - 81. Suppose h*k = 21*k - 558. Suppose 183*u - k*u = -36. What is the remainder when 69 is divided by u?
9
Suppose 62*i = 2203 - 591. Let y = 207 - -102. Calculate the remainder when y is divided by i.
23
Let c(b) = 2*b**2 + 5*b + 4. Let s be c(-1). Suppose -15*j = -36 - 114. Calculate the remainder when 75/(-1)*(0 - s) is divided by j.
5
Let d = -217 - -231. Suppose -3*g + 47 + 126 = 2*y, -g + 5 = 0. What is the remainder when y is divided by d?
9
Suppose -35*b = 5 - 285. Suppose 4*l = -t + b*l + 60, -190 = -5*t - 2*l. Calculate the remainder when t is divided by 10.
0
Suppose 104*m + 163 - 683 = 0. Calculate the remainder when 25 is divided by m.
0
Let r(p) be the second derivative of -27*p + 7/2*p**2 - 1/4*p**4 + 0 + 14/3*p**3. Calculate the remainder when 30 is divided by r(9).
14
Let b = 22 - 17. Suppose -b*y + 3*u = -4, 7*u - 3*u - 4 = 2*y. Calculate the remainder when 4 is divided by y*4/16*6.
1
Let m(g) = -7*g - 38. Let j be m(-6). Calculate the remainder when 2145/26 + (-2)/j is divided by 57/2 + (-1)/2.
26
Suppose -4*l + 3 = -49. Suppose l*k = 24*k - 495. Calculate the remainder when k is divided by 24.
21
Suppose -n = -j + 11, -2*j + 3*n + 16 = -2*n. Let i(h) = -36*h**3 + h. What is the remainder when i(-1) is divided by j?
9
Suppose 3*o - 92 = -o. Suppose 108*z + 8 = 110*z. Suppose -4*t - 48*f + 43*f + 196 = 0, 0 = -f + z. What is the remainder when t is divided by o?
21
Suppose 54*y - 285*y = -174867. What is the remainder when y is divided by 196?
169
Let z(k) = 3*k + 61. Let b be z(-19). Suppose 5*a = -15, 5*u - 4*u = -b*a + 7. Let d = 181 + -127. What is the remainder when d is divided by u?
16
Let j(p) = 122*p - 90. Let t be j(3). Let q = 286 - t. What is the remainder when q is divided by 4?
2
Let z(r) be the second derivative of r**3/2 + 35*r**2 - 3*r - 14. Calculate the remainder when z(-19) is divided by 3.
1
Suppose -9*z + 1472 = 194. Let y(w) = w**3 + 8*w**2 - 5*w - 37. What is the remainder when z is divided by y(-7)?
1
Suppose -5*b + s = -710, 7*s - 266 = -2*b + 11*s. What is the remainder when 5289 is divided by b?
141
Let r = 8583 + -6202. What is the remainder when r is divided by 19?
6
Suppose 13*m - 14*m + 6 = 0. Suppose 5*i + 3*u = 61 - m, -2*i - 3*u + 22 = 0. What is the remainder when 24 is divided by i?
2
Suppose 1143 = r - 2*h, 389*h + 1136 = r + 386*h. Calculate the remainder when r is divided by 23.
7
Let j = -107 + 121. Suppose -j*v - 198 = -20*v. What is the remainder when v is divided by 19?
14
Let c(o) = o**2 - 2*o + 4. Let b be c(2). Suppose b*f - 13 - 151 = 0. Calculate the remainder when f is divided by 14.
13
Suppose -292 = -5*b + 83. Let q = 126 - b. What is the remainder when q is divided by 13?
12
Let t = -195 - -224. Suppose 3*g = -2*d - 7 + 23, 3*g = 2*d + 32. Let i(n) = -n**3 + 12*n**2 - 12*n + 10. What is the remainder when i(g) is divided by t?
25
Let v be (6/4)/(42/4480). Let b = -111 + v. What is the remainder when b is divided by 18?
13
Let g = 15 - 5. Suppose 0 = -13*p + g*p + 411. Calculate the remainder when p is divided by ((-1)/(-2))/((-10)/(-880)) + 3.
43
Let t(h) = -2*h**3 + 15*h**2 + 9*h - 13. Let i be -1 - (-11 + -2 + 4). Let u be t(i). Calculate the remainder when (4/((-100)/(-185)))/((-1)/u) is divided by 8.
5
Let d = -1907 - -1949. What is the remainder when 182 is divided by d?
14
What is the remainder when 959 is divided by 18 - (4225/(-25) + 23)?
139
Let v = -130 + 207. Let x be (-3 - 159/15) + (-9)/(-15). What is the remainder when v is divided by ((-16)/10)/(396/(-30) - x)?
5
Let t(f) = -14*f**2 + 11*f - 12. Let q be t(1). What is the remainder when 4 - (-1 - q/(-1))*10 is divided by 57?
50
Let z = -305 - -1268. Let j = 988 - z. Suppose 3*p - 42 = -3*u, 3*p - u = -0*u + 26. Calculate the remainder when j is divided by p.
5
Suppose 1846*g = 1840*g + 150. Calculate the remainder when g is divided by 12.
1
Suppose -2*l + 80 = 2*d, -5*d + 228 = -3*l + 396. Calculate the remainder when 547 is divided by l.
41
Let i(h) = h**3 - 64*h**2 + h + 68. What is the remainder when 472 is divided by i(64)?
76
Suppose -190 = -2*p - 32. Let d(x) = 4*x - 5. Let y be d(0). Calculate the remainder when p is divided by (5 + -6 - y) + 6.
9
Let f(w) = -w - 11. Suppose -181*g + 186*g = -55. Let k be f(g). Suppose -2*s - s + 177 = k. Calculate the remainder when s is divided by 21.
17
Let d(p) be the second derivative of -p**4/12 + 5*p**3/6 + 7*p**2/2 + 7*p. Let c(q) = 5*q - 11. What is the remainder when d(4) is divided by c(3)?
3
Let t(a) = -a**3 + 10*a**2 - 28*a + 75. Suppose -3*p + p + 168 = 4*l, 4*l - 5*p - 154 = 0. Calculate the remainder when l is divided by t(7).
15
Let p be (4 + -1 + -4)*-15. Let j(i) = -3*i**2 + 5*i**2 + p*i - 18 - 3*i**2. Calculate the remainder when 103 is divided by j(11).
25
Suppose -l + 4*v - 3 = 4*l, -3*l + 3*v = 3. Calculate the remainder when (25 - l)/(-4) + 62 is divided by 27.
2
Let n(m) = -m**3 + 3*m**2 + 2*m - 3. Suppose -4*f + 211 = 199. What is the remainder when 82 is divided by n(f)?
1
Let b be ((-513)/(-54))/(2 + (-6)/4). Suppose 3*x - b = 53. Suppose -47 = p - 166. Calculate the remainder when p is divided by x.
23
Calculate the remainder when 6954 + (-80)/112*7 is divided by 11.
8
Suppose 38*s - 12132 = 6184. Suppose -1014 = -8*b + s. Calculate the remainder when b is divided by 10.
7
Suppose 30*c + 46782 - 49952 = 152260. What is the remainder when c is divided by 118?
107
Suppose 13*b - 1035 = -10*b. Suppose b*x - 39*x - 264 = 0. Calculate the remainder when 58 is divided by x.
14
Suppose -6*t + 16 = -2*t. Let k = -37 - -67. Suppose -t*c + 10 = -k. What is the remainder when 25 is divided by c?
5
Suppose -89 = -t + 5*o, 307 = 3*t - 5*o + 60. Suppose -3*x - 228 = -3*r, -r - x - x + t = 0. What is the remainder when r is divided by 8?
5
Suppose 18 - 15 = k. Suppose 0 = -3*o + 4*v + 285 + 455, k*o - 5*v - 739 = 0. What is the remainder when o is divided by 63?
59
Suppose -5*f + 19*f = 15400. Suppose -54*g + 43*g = -f. What is the remainder when g is divided by 17?
15
Let o = -3594 - -4673. Calculate the remainder when o is divided by 33.
23
Suppose 2695*n - 330 = 2694*n - 3*s, n = -s + 334. What is the remainder when n is divided by 145?
46
Let u = -28 - -33. Suppose 0 = -3*k + k - 5*g - 6, -4*k - 22 = u*g. Let z(n) = -6*n - 18. What is the remainder when 87 is divided by z(k)?
27
Let v be 5/(-30) + (-11372)/24. Let d = v - -513. Calculate the remainder when d is divided by 23.
16
Let z(a) = a**3 - 10*a**2 - 50*a + 244. Calculate the remainder when z(15) is divided by 39.
34
Let h(a) = -2*a**3 - 5*a**2 - 7*a - 5. Let k be h(-2). Calculate the remainder when 73 - (7 - k)*1 is divided by 22.
5
Let k(j) = -j**3 - 7*j**2 - 126*j - 133. What is the remainder when k(-11) is divided by 48?
9
Let r(q) = -2*q - 12. Let x be r(-2). Calculate the remainder when (-6)/x + 730/8 is divided by 24.
20
What is the remainder when 3/(-5)*955330/(-249) is divided by 24?
22
Let y = 8503 + -8331. Calculate the remainder when 521 is divided by y.
5
Suppose -3*x + 8 = -85. Suppose 242 = 41*c - 52*c. What is the remainder when (c/(-4))/(34/544) is divided by x?
26
Let w = -2 + 7. Suppose 70 - 40 = 10*c. Suppose 3*v + 12 = c*y, -35*v - 2 = y - 38*v. What is the remainder when y is divided by w?
2
Let u(n) = 5*n**2 + 2*n - 59. Suppose 18*d - 17 = 15*d - 2*w, -2*d + 5*w + 5 = 0. Calculate the remainder when u(d) is divided by 69.
7
Let g(n) = n**3 + 6*n**2 - 8*n + 56. Let q be g(-9). Let w = q + 214. Calculate the remainder when w is divided by 52.
47
Suppose -3*n + 141 = -5*i - 85, -2*n + i + 160 = 0. Calculate the remainder when 324 is divided by n.
78
Let l(t) = t**3 + 19*t**2 - 23*t - 431. Calculate the remainder when 1465/9 + (-2)/(-9) - -3 is divided by l(-19).
4
Suppose -14*v - 39*v + 6248 = 18*v. What is the remainder when 171 is divided by v?
83
Let z(w) = -176*w + 2033. What is the remainder when 1255 is divided by z(11)?
91
Let u = -16 